 t(k) = -k**2 + 5*k - 8. What is t(4)?
-4
Let v(x) = -153*x + 604. What is v(4)?
-8
Let x(s) = -s**2 + 6*s - 8. What is x(6)?
-8
Let p(q) = -4*q + 21. Give p(5).
1
Let d(f) = -f**3 + 7*f + 16. Give d(0).
16
Let q(a) = -27*a**3 + 2*a**2 + a. What is q(-1)?
28
Let c(q) = q**3 + 3*q**2 - 20*q - 7. Give c(-6).
5
Let r(h) = h**3 - 8*h**2 + 12*h - 3. What is r(6)?
-3
Let r(k) = 3*k**2 - 33*k - 30. What is r(12)?
6
Let w(p) = -p**3 - 4*p**2 - 3*p - 17. What is w(-4)?
-5
Let y(v) = v**3 - 4*v**2 - 7*v + 1. Give y(5).
-9
Let x(f) = 6*f**2 - 4*f - 6. Give x(6).
186
Let b(i) = -i**3 - 11*i**2 + 10*i - 24. Determine b(-12).
0
Let s(p) = 8*p**2 + 6*p + 6. Calculate s(-1).
8
Let i(b) = -5*b**2 + 30*b - 4. Calculate i(6).
-4
Let d(m) = -m**3 - 7*m**2 - 4*m - 20. Calculate d(-7).
8
Let q(x) = x + 63. Determine q(-20).
43
Let v(i) = 2*i - 1. Calculate v(-2).
-5
Let o(f) = -8*f + 124. Give o(11).
36
Let k(n) = 6*n + 13. What is k(-3)?
-5
Let h(q) = 17*q - 10. What is h(5)?
75
Let l(o) = o**3 - 16*o**2 + 13*o + 28. Calculate l(15).
-2
Let p(n) = -15*n + 65. What is p(7)?
-40
Let z(p) = -p**3 + 6*p**2 - 6*p + 3. Calculate z(4).
11
Let i(b) = b**3 + 5*b**2 + 4*b - 5. Calculate i(0).
-5
Let a(m) = -2*m**2 - 62*m - 5. Give a(-31).
-5
Let w(k) = -3*k. Give w(4).
-12
Let m(n) = -8*n - 108. Calculate m(-11).
-20
Let x(v) = v**2 - 6*v + 7. What is x(4)?
-1
Let p(o) = -2*o**3 - o. Give p(1).
-3
Let y(v) = -v**3 - 6*v**2 + 2*v + 2. Determine y(-6).
-10
Let o(f) = 2*f**2 - 28*f + 17. Give o(13).
-9
Let d(p) = 5*p - 3. Determine d(-16).
-83
Let z(p) = -4*p + 19. What is z(11)?
-25
Let l(p) = -5*p + 2. Determine l(0).
2
Let i(r) = 9*r**3 + 4*r**2 + 2*r. Calculate i(-1).
-7
Let p(q) = -q**3 - 8*q**2 - 11*q - 12. What is p(-7)?
16
Let j(b) = -b**3 - 2*b**2 + 3*b. Calculate j(-3).
0
Let m(c) = -c**3 + 4*c**2 + 14*c - 10. Give m(6).
2
Let h(y) = -y**3 - y**2 + 4. Calculate h(3).
-32
Let l(c) = -41*c - 136. What is l(-4)?
28
Let i(j) = j**3 + 3*j**2 - 3*j. Give i(2).
14
Let x(z) = -3*z - 1. Give x(-1).
2
Let w(d) = 2*d**3 - d**2 - 4. Calculate w(-2).
-24
Let z(m) = m**3 + 9*m**2 + 5*m - 19. Give z(-8).
5
Let u(y) = 47*y**2 + y. Determine u(1).
48
Let r(t) = -17*t + 8. What is r(-2)?
42
Let w(g) = -g**3 - 12*g**2 - 14*g - 24. Give w(-11).
9
Let g(s) = 2*s**2 - 26*s - 2. What is g(13)?
-2
Let i(m) = -m**2 - m + 47. Determine i(0).
47
Let n(o) = 8*o - 27. Give n(7).
29
Let h(r) = -2*r**2 + 98*r - 107. What is h(48)?
-11
Let d(n) = 2*n**2 - 22*n - 7. Give d(11).
-7
Let n(u) = -4*u**2 + 3. Determine n(4).
-61
Let i(v) = 6*v + 1. What is i(4)?
25
Let z(x) = -x**2 + 10*x + 9. Calculate z(10).
9
Let r(h) = 2*h**2 - 3*h + 1. Determine r(4).
21
Let c(v) = v**3 + 6*v**2 - 6*v + 2. Determine c(-7).
-5
Let b(r) = -r**3 + 6*r**2 + 7*r - 7. Give b(7).
-7
Let p(k) = k**3 - 2*k**2 - 2*k. What is p(0)?
0
Let b(z) = z**3 + 12*z**2 + z + 10. Give b(-12).
-2
Let c(q) = -4*q**2 + 48*q + 5. What is c(12)?
5
Let r(a) = -a**2 - 2*a - 1. Give r(-3).
-4
Let t(b) = b - 11. Give t(7).
-4
Let c(f) = -33*f**2 + f. Calculate c(1).
-32
Let r(i) = -4*i - 10. Calculate r(-24).
86
Let x(u) = u**3 - 2*u**2 + 4*u - 5. What is x(2)?
3
Let f(x) = 10*x + 8. What is f(1)?
18
Let c(n) = n - 6. Calculate c(7).
1
Let f(c) = c + 13. Calculate f(-12).
1
Let n(i) = 6*i + 21. Give n(-4).
-3
Let g(l) = 19*l + 17. Give g(4).
93
Let v(g) = -g**2 + 13*g + 35. What is v(16)?
-13
Let b(h) = h**3 + 9*h - 31. What is b(0)?
-31
Let r(o) = 388*o + 394. Give r(-1).
6
Let j(d) = 2*d - 11. What is j(10)?
9
Let z(w) = 2*w + 1. Determine z(5).
11
Let n(y) = 3*y + 11. What is n(-17)?
-40
Let z(p) = 7*p + 3. Determine z(-1).
-4
Let y(u) = 17*u + 6. Calculate y(-1).
-11
Let r(h) = h**2 + 10*h - 3. Give r(-9).
-12
Let s(k) = -k**2 + 12*k - 13. What is s(11)?
-2
Let o(r) = r**2 + 6*r + 10. Determine o(0).
10
Let i(n) = -n**2 - n - 10. What is i(0)?
-10
Let c(m) = -m**2 - 8*m + 5. What is c(-6)?
17
Let y(t) = -20*t**2 + 5*t - 5. Determine y(2).
-75
Let f(j) = 33*j - 1. What is f(1)?
32
Let u(k) = 9*k - 87. Calculate u(14).
39
Let g(x) = 3*x**2 + 4*x - 2. Determine g(-3).
13
Let m(o) = 5*o**2 + 6*o + 3. What is m(-2)?
11
Let s(a) = -a**2 + a - 2. What is s(4)?
-14
Let u(w) = w**3 - 7*w**2 + w + 3. What is u(7)?
10
Let q(d) = -3*d + 1. Calculate q(-5).
16
Let n(k) = k**3 - 7*k**2 - 11*k + 69. Determine n(7).
-8
Let t(g) = g**3 - 8*g**2 + 11*g - 7. Calculate t(7).
21
Let l(d) = d**3 + 17*d**2 - d - 19. Determine l(-17).
-2
Let o(n) = 29*n - 82. What is o(3)?
5
Let v(d) = -2*d - 82. Give v(-35).
-12
Let x(o) = o**2 - 3*o. What is x(0)?
0
Let p(c) = -c - 1. Determine p(-7).
6
Let z(q) = q**3 - 3*q**2 - 4*q + 6. Calculate z(4).
6
Let z(q) = q**2 + 2*q - 5. Give z(3).
10
Let l(z) = z + 5. Determine l(-7).
-2
Let a(k) = -k**3 + k**2. Calculate a(1).
0
Let r(p) = -7*p**3 + 1. What is r(1)?
-6
Let s(w) = w**2 - 12*w + 8. Determine s(11).
-3
Let q(y) = -y**3 - 5*y**2 - 11*y - 17. What is q(-4)?
11
Let v(g) = g - 4. Give v(-9).
-13
Let s(z) = -z**2 - z + 12. What is s(-6)?
-18
Let s(u) = u + 3. Give s(4).
7
Let k(l) = l**2 - 4*l - 56. Give k(9).
-11
Let p(v) = -2*v**2 - 19*v - 2. Give p(-10).
-12
Let m(g) = -g**3 - 10*g**2 + 22*g - 3. What is m(-12)?
21
Let s(v) = -v**3 + 3*v**2 - 2*v + 4. Determine s(3).
-2
Let o(n) = -n**3 - 25*n**2 + 53*n - 51. What is o(-27)?
-24
Let l(a) = -a**3 + 10*a**2 - 12*a + 15. Calculate l(8).
47
Let w(p) = 9*p**2 + 12*p + 1. Determine w(-2).
13
Let f(k) = k - 5. Give f(2).
-3
Let p(r) = -r**3 + 8*r**2 + 21*r - 13. What is p(10)?
-3
Let q(n) = n**3 - 5*n**2 - 24*n - 9. What is q(8)?
-9
Let p(a) = -a**3 - 2*a**2 + a - 7. Determine p(-4).
21
Let a(r) = -7*r**2. Determine a(0).
0
Let q(k) = -21*k**3 - 3*k + 4. Determine q(1).
-20
Let v(y) = 2*y**2 + 40*y + 138. Determine v(-4).
10
Let f(z) = 7*z + 14. Calculate f(-14).
-84
Let x(d) = -6*d**2 + 2*d + 1. What is x(-1)?
-7
Let a(z) = z**3 - 25*z**2 + 19*z + 1. Give a(24).
-119
Let f(z) = 2*z**2 - 5*z + 10. Determine f(3).
13
Let x(l) = -l**2 + 12*l - 1. What is x(12)?
-1
Let d(z) = -27*z + 2. Give d(-1).
29
Let z(x) = -x**2 - 6*x. Calculate z(-4).
8
Let j(r) = -r**3 - 11*r**2 - 25*r - 2. Calculate j(-8).
6
Let v(z) = z**3 - 6*z**2 - 16*z - 5. Calculate v(8).
-5
Let p(z) = z**2 + 8*z + 3. What is p(-9)?
12
Let u(h) = -12*h + 389. Calculate u(33).
-7
Let n(o) = -o**2 + 9*o - 7. What is n(6)?
11
Let v(o) = 3*o - 42. What is v(10)?
-12
Let f(b) = -3*b + 20. Determine f(5).
5
Let k(n) = -3*n**2 + 6*n - 6. Determine k(4).
-30
Let f(c) = c - 20. What is f(3)?
-17
Let r(f) = 4*f - 22. What is r(13)?
30
Let y(k) = k**2 - 12*k + 15. Give y(11).
4
Let m(t) = 7*t + 206. Calculate m(-29).
3
Let j(r) = -10*r + 134. Determine j(17).
-36
Let h(k) = 2*k**2 - 11*k - 12. Determine h(6).
-6
Let x(z) = z**3 + 3*z**2 - 3*z - 1. Calculate x(-5).
-36
Let x(b) = -b**3 - 11*b**2 + 3*b + 14. What is x(-11)?
-19
Let k(d) = d - 15. Calculate k(-5).
-20
Let m(b) = -b**3 + 8*b**2 - 5*b + 8. Calculate m(8).
-32
Let z(o) = -o**3 - 8*o**2 - 2*o + 6. Calculate z(-6).
-54
Let o(a) = -10*a - 2. What is o(-8)?
78
Let o(r) = r**3 + 14*r**2 - 17*r - 18. Determine o(-15).
12
Let s(f) = 2*f + 9. Give s(0).
9
Let r(b) = -b**2 - b + 6. Determine r(-6).
-24
Let f(l) = 5*l**2 - 5*l - 2. Determine f(-2).
28
Let s(k) = -3*k - 44. Calculate s(-14).
-2
Let u(p) = p**3 - 5*p + 4. Determine u(4).
48
Let o(q) = q**3 - 14*q**2 + 7*q - 14. Give o(13).
-92
Let k(z) = -z**3 - z + 1. Determine k(0).
1
Let u(v) = v - 18. Calculate u(-8).
-26
Let a(v) = v**3 - v**2 - v - 62. Determine a(0).
-62
Let b(p) = -45*p - 305. Calculate b(-7).
10
Let m(b) = -b**2 + 17*b - 4. Determine m(17).
-4
Let h(z) = -z**2 - 3*z + 25. Give h(4).
-3
Let d(w) = -14*w + 94. Calculate d(6).
10
Let c(b) = 2*b**2 + 26*b + 33. What is c(-12)?
9
Let g(j) = j**3 - j**2 - 7*j + 4. Calculate g(4).
24
Let r(u) = -11*u - 59. Calculate r(-4).
-15
Let x(u) = 10*u + 69. Give x(-8).
-11
Let d(s) = -4*s**2 - s. What is d(-2)?
-14
Let b(t) = -5*t - 69. What is b(-11)?
-14
Let o(b) = -4*b + 4. Calculate o(-4).
20
Let i(z) = z**3 - 43*z**2 - 188*z + 13. Calculate i(47).
13
Let r(p) = p**3 - 5*p**2 - 13*p + 31. What is r(6)?
-11
Let x(y) = -y**2 + 13*y + 13. What is x(14)?
-1
Let t(j) = j**2 + j - 11. Calculate t(0).
-11
Let w(r) = r - 9. Determine w(-21).
-30
Let s(y) = -y**2 - 4*y 